) in base 10?
1
1f (base 16) to base 6
51
Convert -1 (base 15) to base 7.
-1
What is 10 (base 3) in base 9?
3
1110 (base 4) to base 16
54
What is 46 (base 14) in base 6?
142
What is -1010 (base 2) in base 14?
-a
10 (base 4) to base 12
4
Convert 202 (base 6) to base 8.
112
-30 (base 8) to base 5
-44
What is -100 (base 15) in base 7?
-441
-11 (base 5) to base 9
-6
-3 (base 8) to base 2
-11
Convert 7 (base 13) to base 12.
7
Convert 3 (base 4) to base 13.
3
What is -13 (base 7) in base 2?
-1010
Convert -23 (base 4) to base 5.
-21
-13 (base 9) to base 4
-30
Convert 2 (base 5) to base 6.
2
Convert 44 (base 7) to base 10.
32
8 (base 11) to base 14
8
What is 401 (base 6) in base 14?
a5
-10 (base 12) to base 11
-11
What is 4 (base 15) in base 16?
4
What is -12 (base 4) in base 11?
-6
What is -2 (base 10) in base 2?
-10
Convert 16 (base 7) to base 10.
13
What is -211 (base 6) in base 14?
-59
Convert 4 (base 7) to base 10.
4
What is 10 (base 5) in base 14?
5
11 (base 8) to base 7
12
What is 0 (base 16) in base 11?
0
11001 (base 2) to base 11
23
What is -45 (base 6) in base 12?
-25
What is 0 (base 13) in base 7?
0
102 (base 7) to base 12
43
What is 7 (base 9) in base 13?
7
4 (base 5) to base 6
4
Convert -230 (base 6) to base 5.
-330
What is 19 (base 13) in base 9?
24
-a0 (base 16) to base 9
-187
What is 42 (base 12) in base 9?
55
Convert 66 (base 14) to base 11.
82
Convert 3 (base 8) to base 6.
3
What is -3 (base 4) in base 16?
-3
What is -54 (base 14) in base 15?
-4e
What is -230 (base 10) in base 2?
-11100110
Convert 8 (base 12) to base 9.
8
225 (base 13) to base 15
199
-10 (base 16) to base 12
-14
2 (base 11) to base 7
2
-3 (base 6) to base 5
-3
2020 (base 3) to base 15
40
Convert -81 (base 10) to base 13.
-63
What is -1 (base 15) in base 16?
-1
Convert 3 (base 7) to base 10.
3
-5 (base 13) to base 5
-10
What is -2 (base 3) in base 9?
-2
-a8 (base 13) to base 11
-116
513 (base 7) to base 8
377
-6 (base 11) to base 10
-6
What is -10 (base 5) in base 10?
-5
1010 (base 2) to base 6
14
Convert 8 (base 9) to base 5.
13
10 (base 2) to base 7
2
What is 211 (base 11) in base 10?
254
What is 1 (base 15) in base 7?
1
What is 5 (base 13) in base 6?
5
Convert -11 (base 3) to base 16.
-4
Convert -10 (base 2) to base 14.
-2
Convert 4 (base 5) to base 2.
100
What is -12 (base 3) in base 5?
-10
What is 3 (base 11) in base 12?
3
-3 (base 13) to base 8
-3
6 (base 15) to base 14
6
-11 (base 5) to base 12
-6
What is -444 (base 8) in base 4?
-10210
6 (base 13) to base 12
6
-17 (base 8) to base 3
-120
-4 (base 14) to base 9
-4
Convert -322 (base 4) to base 11.
-53
Convert 18 (base 16) to base 12.
20
Convert 111 (base 5) to base 9.
34
Convert -1 (base 6) to base 9.
-1
-31 (base 12) to base 15
-27
Convert 87 (base 11) to base 5.
340
-18a (base 11) to base 9
-263
Convert -21 (base 4) to base 11.
-9
What is 21 (base 4) in base 5?
14
What is 7 (base 15) in base 5?
12
Convert 1 (base 10) to base 6.
1
What is 1 (base 16) in base 10?
1
23 (base 6) to base 14
11
What is -3 (base 15) in base 12?
-3
What is 2d (base 14) in base 11?
38
What is -4 (base 12) in base 4?
-10
What is 1110 (base 2) in base 3?
112
What is -4 (base 7) in base 6?
-4
123 (base 12) to base 4
2223
What is -2 (base 3) in base 16?
-2
What is 1010101 (base 2) in base 12?
71
-46 (base 9) to base 7
-60
a5 (base 14) to base 7
265
-6 (base 13) to base 9
-6
c (base 13) to base 14
c
What is -3130 (base 4) in base 7?
-433
Convert -104 (base 8) to base 6.
-152
1 (base 6) to base 15
1
-1e (base 16) to base 9
-33
3 (base 10) to base 15
3
What is 3 (base 8) in base 7?
3
Convert 1000 (base 2) to base 8.
10
Convert -71 (base 10) to base 2.
-1000111
6 (base 12) to base 9
6
1 (base 3) to base 11
1
What is 2 (base 12) in base 8?
2
What is -31 (base 7) in base 13?
-19
133 (base 7) to base 11
67
What is -221 (base 3) in base 13?
-1c
What is 2 (base 15) in base 10?
2
-1002 (base 3) to base 2
-11101
120 (base 7) to base 16
3f
What is -61 (base 15) in base 6?
-231
Convert -1 (base 2) to base 3.
-1
What is -34 (base 6) in base 16?
-16
What is -8 (base 15) in base 8?
-10
Convert -21 (base 5) to base 6.
-15
Convert 4 (base 13) to base 7.
4
Convert -101 (base 2) to base 16.
-5
What is -e (base 16) in base 4?
-32
What is -33 (base 10) in base 3?
-1020
What is -13 (base 4) in base 14?
-7
-156 (base 8) to base 15
-75
Convert -4 (base 11) to base 7.
-4
Convert 202 (base 3) to base 13.
17
What is -1 (base 12) in base 3?
-1
Convert 113 (base 14) to base 2.
11010101
What is -2 (base 11) in base 5?
-2
Convert 13 (base 9) to base 3.
110
Convert 0 (base 16) to base 3.
0
Convert -2b (base 12) to base 9.
-38
Convert 102 (base 5) to base 2.
11011
What is -11 (base 4) in base 2?
-101
Convert -33 (base 7) to base 9.
-26
What is -2b (base 15) in base 5?
-131
1 (base 9) to base 13
1
What is 1 (base 14) in base 5?
1
Convert -67 (base 10) to base 4.
-1003
-6 (base 11) to base 6
-10
Convert 91 (base 11) to base 5.
400
What is -4 (base 14) in base 9?
-4
Convert -40 (base 13) to base 2.
-110100
1046 (base 7) to base 6
1425
What is 10 (base 6) in base 8?
6
1 (base 2) to base 11
1
Convert -11000 (base 2) to base 11.
-22
Convert 10 (base 4) to base 16.
4
What is -3 (base 14) in base 7?
-3
Convert -14 (base 14) to base 6.
-30
Convert -13 (base 10) to base 15.
-d
What is 5 (base 8) in base 12?
5
Convert -32 (base 6) to base 14.
-16
-2 (base 14) to base 13
-2
What is -6 (base 12) in base 13?
-6
Convert 17 (base 14) to base 3.
210
Convert 20 (base 7) to base 9.
15
What is -a (base 13) in base 16?
-a
Convert 3 (base 9) to base 7.
3
Convert -9 (base 14) to base 7.
-12
Convert 19 (base 12) to base 13.
18
13 (base 4) to base 3
21
What is 120 (base 10) in base 8?
170
What is 0 (base 4) in base 10?
0
Convert 5 (base 12) to base 3.
12
Convert 1 (base 7) to base 6.
1
-8 (base 16) to base 8
-10
11 (base 3) to base 14
4
What is -411 (base 5) in base 4?
-1222
Convert -4 (base 14) to base 12.
-4
What is -44 (base 5) in base 4?
-120
65 (base 8) to base 13
41
What is 10 (base 2) in base 16?
2
Convert -6 (base 7) to base 9.
-6
What is 30 (base 5) in base 4?
33
101 (base 5) to base 13
20
What is -3 (base 8) in base 13?
-3
What is -102 (base 3) in base 5?
-21
Convert -5 (base 15) to base 14.
-5
-111 (base 7) to base 9
-63
Convert -42 (base 15) to base 3.
-2022
0 (base 3) to base 8
0
32 (base 11) to base 15
25
What is 114 (base 9) in base 15?
64
58 (base 10) to base 6
134
What is 3 (base 9) in base 2?
11
Convert -101200 (base 3) to base 7.
-561
What is -a3 (base 11) in base 16?
-71
Convert 23 (base 4) to base 16.
b
9 (base 15) to base 13
9
-1312 (base 4) to base 8
-166
1 (base 4) to base 16
1
Convert -3 (base 8) to base 11.
-3
Convert b8 (base 14) to base 12.
116
What is a8 (base 14) in base 15?
9d
10 (base 4) to base 8
4
What is 20 (base 5) in base 10?
10
-100 (base 2) to base 5
-4
40 (base 15) to base 7
114
What is -8 (base 16) in base 3?
-22
-110 (base 3) to base 4
-30
-9 (base 15) to base 13
-9
What is 12 (base 6) in base 7?
11
Convert -1224 (base 5) to base 14.
-d7
1120 (base 5) to base 15
aa
Convert -10 (base 5) to base 11.
-5
Convert 90 (base 10) to base 11.
82
-101 (base 2) to base 6
-5
Convert 415 (base 8) to base 16.
10d
-3 (base 9) to base 8
-3
-22 (base 13) to base 6
-44
What is -228 (base 9) in base 6?
-512
What is -27 (base 13) in base 8?
-41
What is 73 (base 10) in base 15?
4d
Convert -24 (base 16) to base 5.
-121
What is -10 (base 2) in base 3?
-2
-12 (base 5) to base 10
-7
What is 66 (base 9) in base 3?
2020
7 (base 12) to base 8
7
Convert 41 (base 15) to base 3.
2021
-4 (base 13) to base 14
-4
-3 (base 5) to base 8
-3
Convert -71 (base 13) to base 8.
-134
-103 (base 8) to base 2
-1000011
Convert -12 (base 4) to base 6.
-10
2002 (base 3) to base 13
44
What is 1 (base 11) in base 15?
1
Convert 1011101 (base 2) to base 9.
113
3 (base 15) to base 9
3
What is -1 (base 3) in base 7?
-1
-1 (base 2) to base 4
-1
What is -1 (base 8) in base 16?
-1
Convert 29 (base 12) to base 2.
100001
Convert -6 (base 15) to base 11.
-6
Convert -13 (base 9) to base 6.
-20
What is -1 (base 6) in base 4?
-1
-19 (base 15) to base 4
-120
Convert 10010100 (base 2) to base 15.
9d
What is -275 (base 8) in base 13?
-117
What is 22 (base 6) in base 7?
20
-6 (base 16) to base 2
-110
-3 (base 9) to b